.
29
Calculate the remainder when 8821322 is divided by 434.
272
Calculate the remainder when 774713 is divided by 375.
338
What is the remainder when 95880 is divided by 76?
44
Calculate the remainder when 46772717 is divided by 42.
5
Calculate the remainder when 60180 is divided by 30061.
58
Calculate the remainder when 1648637 is divided by 1420.
17
Calculate the remainder when 42001 is divided by 731.
334
Calculate the remainder when 1318462 is divided by 259.
152
Calculate the remainder when 272994504 is divided by 824.
8
Calculate the remainder when 441466 is divided by 220733.
0
What is the remainder when 187550 is divided by 1082?
364
What is the remainder when 43326 is divided by 2165?
26
Calculate the remainder when 4783973 is divided by 3313.
1
What is the remainder when 61677 is divided by 2963?
2417
Calculate the remainder when 1902036 is divided by 759.
741
What is the remainder when 554261 is divided by 19727?
1905
What is the remainder when 52737932 is divided by 6203?
26
Calculate the remainder when 14798359 is divided by 55.
4
What is the remainder when 182430 is divided by 91209?
12
What is the remainder when 2697417 is divided by 747?
0
What is the remainder when 37811652 is divided by 1795?
1772
What is the remainder when 447751 is divided by 1659?
1480
What is the remainder when 916090 is divided by 128?
122
Calculate the remainder when 1404639 is divided by 84.
75
Calculate the remainder when 24194 is divided by 68.
54
Calculate the remainder when 131317795 is divided by 3751936.
35
Calculate the remainder when 2450863 is divided by 11897.
81
Calculate the remainder when 127923 is divided by 4675.
1698
Calculate the remainder when 2429898 is divided by 570.
558
What is the remainder when 1336702 is divided by 177?
175
What is the remainder when 43988 is divided by 42465?
1523
What is the remainder when 4006424 is divided by 26358?
8
Calculate the remainder when 33414235 is divided by 11138066.
37
Calculate the remainder when 4897890 is divided by 39.
36
Calculate the remainder when 4109802 is divided by 1098.
1086
What is the remainder when 22422990 is divided by 127?
124
What is the remainder when 103591 is divided by 1359?
307
Calculate the remainder when 29383 is divided by 2334.
1375
What is the remainder when 12065 is divided by 609?
494
What is the remainder when 2403515 is divided by 2090?
15
Calculate the remainder when 580100797 is divided by 956.
953
Calculate the remainder when 34593499 is divided by 2150.
2149
What is the remainder when 1598211 is divided by 683?
674
What is the remainder when 4000976 is divided by 140?
56
Calculate the remainder when 156321325 is divided by 59.
58
What is the remainder when 719495848 is divided by 1342?
1336
Calculate the remainder when 82655 is divided by 2665.
40
What is the remainder when 1144594 is divided by 5299?
10
Calculate the remainder when 1096780 is divided by 219343.
65
What is the remainder when 5751105 is divided by 1854?
1851
Calculate the remainder when 525520 is divided by 87386.
1204
What is the remainder when 2663365 is divided by 8?
5
Calculate the remainder when 6349066 is divided by 314.
300
What is the remainder when 1968480 is divided by 51801?
42
Calculate the remainder when 1248586 is divided by 104034.
178
What is the remainder when 1019523 is divided by 14?
1
Calculate the remainder when 2756469 is divided by 344.
341
What is the remainder when 4775416 is divided by 1895?
16
Calculate the remainder when 632498 is divided by 44.
42
What is the remainder when 7513868 is divided by 159?
5
Calculate the remainder when 32211693 is divided by 24.
21
Calculate the remainder when 1179194 is divided by 31870.
4
What is the remainder when 18558347 is divided by 22067?
0
What is the remainder when 866860 is divided by 2195?
2030
Calculate the remainder when 6033295 is divided by 364.
359
Calculate the remainder when 214313 is divided by 6840.
2273
What is the remainder when 616113 is divided by 13386?
357
Calculate the remainder when 2175109 is divided by 1170.
79
What is the remainder when 149355204 is divided by 12?
0
Calculate the remainder when 40292890 is divided by 20146443.
4
Calculate the remainder when 3902788 is divided by 29.
26
Calculate the remainder when 79677 is divided by 15888.
237
Calculate the remainder when 31830 is divided by 4905.
2400
Calculate the remainder when 3392667 is divided by 82728.
819
What is the remainder when 5482160 is divided by 64?
48
Calculate the remainder when 1303862 is divided by 1105.
1067
What is the remainder when 434581 is divided by 728?
693
What is the remainder when 448855 is divided by 24293?
11581
Calculate the remainder when 9676008 is divided by 2763.
2745
What is the remainder when 3789321 is divided by 172?
161
What is the remainder when 83919886 is divided by 2448?
2446
What is the remainder when 1590706 is divided by 20?
6
What is the remainder when 3149 is divided by 846?
611
What is the remainder when 57854 is divided by 381?
323
Calculate the remainder when 117299 is divided by 76.
31
What is the remainder when 118894 is divided by 11879?
104
Calculate the remainder when 6855411 is divided by 112.
3
Calculate the remainder when 10284 is divided by 1304.
1156
What is the remainder when 267421 is divided by 7930?
5731
Calculate the remainder when 20854491 is divided by 531.
528
What is the remainder when 99021 is divided by 665?
601
Calculate the remainder when 20704924 is divided by 102.
46
Calculate the remainder when 10221782 is divided by 76.
10
Calculate the remainder when 1402567 is divided by 171.
25
Calculate the remainder when 5050639 is divided by 2766.
2689
Calculate the remainder when 3001214 is divided by 128.
126
What is the remainder when 2728531 is divided by 62?
35
What is the remainder when 2254234 is divided by 193?
187
Calculate the remainder when 761724 is divided by 761573.
151
Calculate the remainder when 4133574 is divided by 69.
60
What is the remainder when 185088 is divided by 6224?
4592
What is the remainder when 62686 is divided by 56504?
6182
Calculate the remainder when 5266593 is divided by 3098.
3091
Calculate the remainder when 259168 is divided by 1933.
146
Calculate the remainder when 14379573 is divided by 635.
633
Calculate the remainder when 117418 is divided by 432.
346
Calculate the remainder when 2360877 is divided by 590195.
97
What is the remainder when 94425 is divided by 1363?
378
What is the remainder when 554665 is divided by 1179?
535
What is the remainder when 57766 is divided by 703?
120
What is the remainder when 2846970 is divided by 4?
2
Calculate the remainder when 40315430 is divided by 98.
92
What is the remainder when 180398508 is divided by 139?
138
Calculate the remainder when 42441 is divided by 41686.
755
What is the remainder when 38013117 is divided by 960?
957
What is the remainder when 211370972 is divided by 568?
564
What is the remainder when 55037260 is divided by 78067?
25
What is the remainder when 109514 is divided by 163?
141
What is the remainder when 5494863 is divided by 68?
55
Calculate the remainder when 512932 is divided by 160.
132
What is the remainder when 147294 is divided by 5618?
1226
What is the remainder when 284345 is divided by 142132?
81
Calculate the remainder when 17271946 is divided by 33.
10
What is the remainder when 283759 is divided by 283747?
12
Calculate the remainder when 503017 is divided by 188.
117
Calculate the remainder when 473811 is divided by 3790.
61
What is the remainder when 1866682 is divided by 39716?
30
What is the remainder when 2408819 is divided by 489?
5
What is the remainder when 1967692 is divided by 383?
221
Calculate the remainder when 1092331 is divided by 20610.
1
What is the remainder when 907418 is divided by 368?
298
What is the remainder when 59088346 is divided by 11?
9
What is the remainder when 22090 is divided by 556?
406
What is the remainder when 12154988 is divided by 539?
538
What is the remainder when 7282952 is divided by 188?
20
What is the remainder when 250593 is divided by 2432?
97
Calculate the remainder when 615907 is divided by 2239.
182
Calculate the remainder when 45137992 is divided by 3000.
2992
What is the remainder when 4714119 is divided by 136